{"id":415,"date":"2020-01-29T14:02:40","date_gmt":"2020-01-29T13:02:40","guid":{"rendered":"https:\/\/chromonorm.de\/ratgeber\/?page_id=415"},"modified":"2024-08-22T14:28:54","modified_gmt":"2024-08-22T12:28:54","slug":"saladette","status":"publish","type":"page","link":"https:\/\/www.chromonorm.de\/ratgeber\/saladette\/","title":{"rendered":"Saladette"},"content":{"rendered":"<section class=\"wpb-content-wrapper\"><p>[vc_row full_width=&#8220;stretch_row&#8220; gap=&#8220;35&#8243; css=&#8220;.vc_custom_1566485346340{margin-top: -65px !important;padding-bottom: 20px !important;background-color: #f2faff !important;}&#8220;][vc_column width=&#8220;1\/2&#8243;][vc_empty_space height=&#8220;20px&#8220;][vc_column_text single_style=&#8220;&#8220;]<\/p>\n<h1 class=\"hero--headline panel--title\">Saladetten von CHROMOnorm<\/h1>\n<p><strong>Im Gewerbebereich sind Saladetten kaum wegzudenken<\/strong>, denn sie sind die optimale Erg\u00e4nzung in der Gastronomie. F\u00fcr die sachgerechte Lagerung und zur K\u00fchlung von Lebensmitteln ist eine Saladette eine essenzielle Anschaffung.<\/p>\n<p>Selbstverst\u00e4ndlich gibt es verschiedene Modelle je nach Bedarf. Auch Zubeh\u00f6r kann eine Saladette erg\u00e4nzen, wie etwa genormte Lebensmittelbeh\u00e4lter. Die Gastronomieger\u00e4tschaft bietet die Lagerung von Salaten an, diese bleiben dann l\u00e4nger frisch. Zudem dienen Saladetten als Erg\u00e4nzung von Arbeitsplatten. Dadurch zeichnen sie sich als sehr platzsparend aus.<\/p>\n<p>Im Allgemeinen sind sie in K\u00fcchen, in Versorgungseinrichtungen oder Cateringfirmen zu finden. Jedoch auch in Imbissbuden im Thekenbereich, sowie in anderen Gastronomiebetrieben. Als Salatbar zur Selbstbedienung sieht man Saladetten eher im G\u00e4stebereich bzw. im Speisesaal. Doch auch in Feinkostbereichen werden sie verwendet.<\/p>\n<p><strong>Unsere Vorteile im \u00dcberblick<\/strong><\/p>\n<ul>\n<li>passende Saladette f\u00fcr jeden K\u00fchlbedarf<\/li>\n<li>passendes Volumen f\u00fcr die gew\u00fcnschte Lagerung<\/li>\n<li>Art der K\u00fchltechnik f\u00fcr eine optimale Lagerung<\/li>\n<li>ansprechende Optik aus qualitativem Material wie Edelstahl<\/li>\n<li>langlebiges und zuverl\u00e4ssiges Produkt, welches eine hochwertige Verarbeitung aufweist<\/li>\n<li>leichte Bedienung und Reinigung des Ger\u00e4tes<\/li>\n<li>gro\u00dfz\u00fcgige Garantieleistungen<\/li>\n<li>kurze Lieferzeiten<\/li>\n<li>erstklassiger Service<\/li>\n<\/ul>\n<p>[\/vc_column_text][vc_empty_space height=&#8220;5px&#8220;][\/vc_column][vc_column width=&#8220;1\/2&#8243;][vc_empty_space height=&#8220;100px&#8220;][vc_single_image image=&#8220;1598&#8243; img_size=&#8220;full&#8220; alignment=&#8220;right&#8220; css=&#8220;.vc_custom_1724317265769{padding-left: 0px !important;}&#8220;][vc_btn title=&#8220;Alle Saladetten ansehen&#8220; style=&#8220;flat&#8220; color=&#8220;primary&#8220; align=&#8220;center&#8220; link=&#8220;url:https%3A%2F%2Fwww.chromonorm.de%2Fkuehlgeraete%2Fsaladetten%2F|||&#8220;][\/vc_column][\/vc_row][vc_row css=&#8220;.vc_custom_1566485560490{margin-top: 40px !important;}&#8220;][vc_column][vc_column_text single_style=&#8220;&#8220;]<\/p>\n<h2>Saladetten in vielen Variationen<\/h2>\n<p>[\/vc_column_text][\/vc_column][\/vc_row][vc_row full_width=&#8220;stretch_row&#8220; gap=&#8220;20&#8243; css=&#8220;.vc_custom_1566487132571{margin-top: 0px !important;margin-bottom: 100px !important;}&#8220; el_class=&#8220;kategorie&#8220;][vc_column width=&#8220;1\/3&#8243;][vc_row_inner css=&#8220;.vc_custom_1566480253547{border-radius: 10px !important;}&#8220; el_class=&#8220;meinprodukt&#8220;][vc_column_inner][vc_single_image image=&#8220;1598&#8243; img_size=&#8220;full&#8220;][vc_column_text single_style=&#8220;&#8220;]<\/p>\n<ul>\n<li><strong>2 T\u00fcren<\/strong><\/li>\n<li><strong>GN 1\/1<\/strong><\/li>\n<li><strong>ohne Glasaufsatz<\/strong><\/li>\n<\/ul>\n<p>&nbsp;<\/p>\n<p style=\"text-align: right;\"><strong>ab 1.160 \u20ac<\/strong><\/p>\n<p>[\/vc_column_text][vc_btn title=&#8220;Zur \u00dcbersicht&#8220; style=&#8220;flat&#8220; color=&#8220;primary&#8220; size=&#8220;sm&#8220; align=&#8220;center&#8220; button_block=&#8220;true&#8220; link=&#8220;url:https%3A%2F%2Fwww.chromonorm.de%2Fkuehlgeraete%2Fsaladetten%2Fsaladette-gn-1%2F1-2-tueren|||&#8220;][\/vc_column_inner][\/vc_row_inner][\/vc_column][vc_column width=&#8220;1\/3&#8243;][vc_row_inner el_class=&#8220;meinprodukt&#8220;][vc_column_inner][vc_single_image image=&#8220;1629&#8243; img_size=&#8220;full&#8220;][vc_column_text single_style=&#8220;&#8220;]<\/p>\n<ul>\n<li><strong>2 T\u00fcren<\/strong><\/li>\n<li><strong>GN 1\/1<\/strong><\/li>\n<li><strong>Mit Glasaufsatz<\/strong><\/li>\n<\/ul>\n<p>&nbsp;<\/p>\n<p style=\"text-align: right;\"><strong>ab 1.765 \u20ac<\/strong><\/p>\n<p>[\/vc_column_text][vc_btn title=&#8220;Zur \u00dcbersicht&#8220; style=&#8220;flat&#8220; color=&#8220;primary&#8220; size=&#8220;sm&#8220; align=&#8220;center&#8220; button_block=&#8220;true&#8220; link=&#8220;url:https%3A%2F%2Fwww.chromonorm.de%2Fkuehlgeraete%2Fsaladetten%2Fsaladette-gn-1%2F1-glasaufsatz-2-tueren|||&#8220;][\/vc_column_inner][\/vc_row_inner][\/vc_column][vc_column width=&#8220;1\/3&#8243;][vc_row_inner][vc_column_inner][vc_single_image image=&#8220;1630&#8243; img_size=&#8220;full&#8220;][vc_column_text single_style=&#8220;&#8220;]<\/p>\n<ul>\n<li><strong>2 T\u00fcren<\/strong><\/li>\n<li><b>GN 1\/1<\/b><\/li>\n<li><strong>Belegstation\/Pizzak\u00fchltisch<\/strong><\/li>\n<\/ul>\n<p>&nbsp;<\/p>\n<p style=\"text-align: right;\"><strong>ab 1.395 \u20ac<\/strong><\/p>\n<p>[\/vc_column_text][vc_btn title=&#8220;Zur \u00dcbersicht&#8220; style=&#8220;flat&#8220; color=&#8220;primary&#8220; size=&#8220;sm&#8220; align=&#8220;center&#8220; button_block=&#8220;true&#8220; link=&#8220;url:https%3A%2F%2Fwww.chromonorm.de%2Fkuehlgeraete%2Fsaladetten%2Fbelegstation%2Fpizzakuehltisch-gn-1%2F1-2-tueren|||&#8220;][\/vc_column_inner][\/vc_row_inner][\/vc_column][\/vc_row][vc_row full_width=&#8220;stretch_row&#8220; css=&#8220;.vc_custom_1566485353024{padding-top: 40px !important;padding-bottom: 40px !important;background-color: #f2faff !important;}&#8220;][vc_column width=&#8220;2\/3&#8243;][vc_column_text single_style=&#8220;&#8220; css=&#8220;.vc_custom_1569229688294{padding-right: 40px !important;}&#8220;]<\/p>\n<h2>Gro\u00dfe Auswahl an Saladetten<\/h2>\n<p>Der Vorteil einer Saladette ist unter anderem, dass der Kunde sich von der Frische der Lebensmittel \u00fcberzeugen kann. Mittlerweile steigt das Ern\u00e4hrungsbewusstsein in der Gesellschaft. Daher ist dies ein wichtiger Kauffaktor von gesundheitsbewussten Kunden, die Wert auf frische Lebensmittel legen.<\/p>\n<p>Zus\u00e4tzlich regt diese Form der Pr\u00e4sentation den Appetit an und verleitet eher zum Kauf. Hinzu kommt, dass durch die Selbstbedienung von Salatbar-Saladetten, Abfall bewusst reduziert werden kann. Dies wirkt sich positiv auf die Entsorgungskosten aus. Die Langlebigkeit der Lebensmittel wird ebenso verl\u00e4ngert, denn die K\u00fchlung kann ideal angepasst werden. Ebenso signifikant ist der hygienische Faktor. Alle Ger\u00e4te m\u00fcssen den strengen Vorschriften zur Lagerung und Hygiene von Lebensmitteln entsprechen.<\/p>\n<p>Der Aufbau einer Saladette sieht wie folgt aus: Die oben liegende Wanne, sowie auch die T\u00fcrabteile sind gek\u00fchlt. Die gek\u00fchlte Lagerung wird meist zwischen +2 und +12 Grad Celsius eingestellt, kann jedoch nach Bedarf angepasst werden.<br \/>\nSaladetten von Chromonorm verf\u00fcgen \u00fcber eine Umlufk\u00fchlung. Die Saladette l\u00e4sst sich \u00fcber einen Thermostat einstellen und regeln.<\/p>\n<p>Wir f\u00fchren diverse Modelle, wie zum Beispiel die Saladetten mit Glasaufsatz. Bei dieser Variante k\u00f6nnen die Kunden die frische Ware sehen und dennoch sch\u00fctzt das Glas vor eventuellen Verunreinigungen. Ferner gibt es Saladetten mit schiebbaren oder klappbaren Deckeln, welche sich sehr gut reinigen lassen. Insbesondere f\u00fcr Salatbars verschafft diese Option eine \u00e4u\u00dferst ansprechende Pr\u00e4sentation.[\/vc_column_text][\/vc_column][vc_column width=&#8220;1\/3&#8243;][vc_empty_space][vc_single_image image=&#8220;320&#8243; img_size=&#8220;full&#8220;][\/vc_column][\/vc_row][vc_row css=&#8220;.vc_custom_1566487681620{margin-top: 80px !important;}&#8220;][vc_column width=&#8220;1\/2&#8243;][vc_single_image image=&#8220;113&#8243; img_size=&#8220;large&#8220; css=&#8220;.vc_custom_1566487696729{margin-top: 50px !important;}&#8220;][\/vc_column][vc_column width=&#8220;1\/2&#8243;][vc_column_text single_style=&#8220;&#8220;]<\/p>\n<h2>TOP Qualit\u00e4t von CHROMOnorm<\/h2>\n<p>Eine Gastro Saladette ist \u00e4hnlich der Salatbar. Die Saladette wird per Umluftk\u00fchlung. Nicht zu vergessen, eine Saladette bietet eine eigene Portionierung und freie Auswahl. Dies erleichtert beidseitig den Prozess.<br \/>\nEs werden noch GN-Beh\u00e4lter (Gastro Norm) ben\u00f6tigt, da dieser nicht im Lieferumgang enthalten ist. Mit dieser Norm lassen sich die Lebensmittelbeh\u00e4lter jederzeit austauschen. Ebenso k\u00f6nnen Auflageschienen, Trageroste oder andere Auflagefl\u00e4chen erworben werden. Deren Vorteil ist, dass sie Unterteilungen im K\u00fchlraum bilden und somit mehr Staufl\u00e4che geschaffen wird.<\/p>\n<p>Die Ger\u00e4te entsprechen dem neuesten technologischen Stand. Die leistungsstarken Modelle sind mit Edelstahl ausgestattet und \u00fcberzeugen durch ihre ansprechende Optik, sowie durch ihr K\u00fchlsystem und ihre zweckm\u00e4\u00dfige Innenaufteilung. Au\u00dferdem sind die Ger\u00e4te zum \u00d6ffnen und Schlie\u00dfen mit einem Griff ausgestattet. Das Schneidebrett aus Kunststoff erschwert das Ger\u00e4t nicht zus\u00e4tzlich und rundet die Optik ab. Die vier Ausgleichsf\u00fc\u00dfe sorgen f\u00fcr einen festen Stand. Die kippsicheren und h\u00f6henverstellbaren U-Auflageschienen, sowie zwei L\u00e4ngsstege und zwei Rost, geh\u00f6ren zum Zubeh\u00f6r dazu.[\/vc_column_text][\/vc_column][\/vc_row][vc_row][vc_column][vc_column_text single_style=&#8220;&#8220;]<\/p>\n<h2>Das k\u00f6nnte Sie auch interessieren<\/h2>\n<p>[\/vc_column_text][\/vc_column][\/vc_row][vc_row][vc_column width=&#8220;1\/4&#8243;][vc_row_inner][vc_column_inner][vc_single_image image=&#8220;1591&#8243; img_size=&#8220;full&#8220;][vc_column_text single_style=&#8220;&#8220;]<\/p>\n<h3 style=\"text-align: center;\">K\u00fchlschr\u00e4nke<\/h3>\n<p>[\/vc_column_text][vc_btn title=&#8220;Zu den K\u00fchlschr\u00e4nken&#8220; color=&#8220;primary&#8220; size=&#8220;sm&#8220; align=&#8220;center&#8220; link=&#8220;url:https%3A%2F%2Fchromonorm.de%2Fratgeber%2Fkuehlschraenke%2F|title:Arbeitsschr%C3%A4nke||&#8220;][\/vc_column_inner][\/vc_row_inner][\/vc_column][vc_column width=&#8220;1\/4&#8243;][vc_row_inner][vc_column_inner][vc_single_image image=&#8220;1592&#8243; img_size=&#8220;full&#8220;][vc_column_text single_style=&#8220;&#8220;]<\/p>\n<h3 style=\"text-align: center;\">Tiefk\u00fchlschr.<\/h3>\n<p>[\/vc_column_text][vc_btn title=&#8220;Zu den Tiefk\u00fchlschr.&#8220; color=&#8220;primary&#8220; size=&#8220;sm&#8220; align=&#8220;center&#8220; link=&#8220;url:https%3A%2F%2Fchromonorm.de%2Fratgeber%2Ftiefkuehlschraenke%2F|title:Arbeitsschr%C3%A4nke||&#8220;][\/vc_column_inner][\/vc_row_inner][\/vc_column][vc_column width=&#8220;1\/4&#8243;][vc_row_inner][vc_column_inner][vc_single_image image=&#8220;1589&#8243; img_size=&#8220;full&#8220;][vc_column_text single_style=&#8220;&#8220;]<\/p>\n<h3 style=\"text-align: center;\">Arbeitsschr\u00e4nke<\/h3>\n<p>[\/vc_column_text][vc_btn title=&#8220;Zu den Arbeitsschr\u00e4nken&#8220; color=&#8220;primary&#8220; size=&#8220;sm&#8220; align=&#8220;center&#8220; link=&#8220;url:https%3A%2F%2Fchromonorm.de%2Fratgeber%2Farbeitsschraenke%2F|title:Arbeitsschr%C3%A4nke||&#8220;][\/vc_column_inner][\/vc_row_inner][\/vc_column][vc_column width=&#8220;1\/4&#8243;][vc_row_inner][vc_column_inner][vc_single_image image=&#8220;1587&#8243; img_size=&#8220;full&#8220;][vc_column_text single_style=&#8220;&#8220;]<\/p>\n<h3 style=\"text-align: center;\">Arbeitstische<\/h3>\n<p>[\/vc_column_text][vc_btn title=&#8220;Zu den Arbeitstischen&#8220; color=&#8220;primary&#8220; size=&#8220;sm&#8220; align=&#8220;center&#8220; link=&#8220;url:https%3A%2F%2Fchromonorm.de%2Fratgeber%2Farbeitstische%2F|title:Arbeitsschr%C3%A4nke||&#8220;][\/vc_column_inner][\/vc_row_inner][\/vc_column][\/vc_row]<\/p>\n<\/section>","protected":false},"excerpt":{"rendered":"<p>[vc_row full_width=&#8220;stretch_row&#8220; gap=&#8220;35&#8243; css=&#8220;.vc_custom_1566485346340{margin-top: -65px !important;padding-bottom: 20px !important;background-color: #f2faff !important;}&#8220;][vc_column width=&#8220;1\/2&#8243;][vc_empty_space height=&#8220;20px&#8220;][vc_column_text single_style=&#8220;&#8220;] Saladetten von CHROMOnorm Im Gewerbebereich sind Saladetten kaum wegzudenken, denn sie sind die optimale Erg\u00e4nzung in der Gastronomie. F\u00fcr die sachgerechte Lagerung und zur K\u00fchlung von Lebensmitteln ist eine Saladette eine essenzielle Anschaffung. Selbstverst\u00e4ndlich gibt es verschiedene Modelle je nach Bedarf. Auch<\/p>\n","protected":false},"author":6,"featured_media":0,"parent":0,"menu_order":0,"comment_status":"closed","ping_status":"closed","template":"page-blocks.php","meta":{"footnotes":""},"featured_image_urls":{"full":"","thumbnail":"","medium":"","medium_large":"","large":"","1536x1536":"","2048x2048":"","post-thumbnail":"","contentberg-main":"","contentberg-main-full":"","contentberg-slider-stylish":"","contentberg-slider-carousel":"","contentberg-slider-grid-b":"","contentberg-slider-grid-b-sm":"","contentberg-slider-bold-sm":"","contentberg-grid":"","contentberg-list":"","contentberg-list-b":"","contentberg-thumb":"","contentberg-thumb-alt":""},"post_excerpt_stackable":"<p>[vc_row full_width=&#8220;stretch_row&#8220; gap=&#8220;35&#8243; css=&#8220;.vc_custom_1566485346340{margin-top: -65px !important;padding-bottom: 20px !important;background-color: #f2faff !important;}&#8220;][vc_column width=&#8220;1\/2&#8243;][vc_empty_space height=&#8220;20px&#8220;][vc_column_text single_style=&#8220;&#8220;] Saladetten von CHROMOnorm Im Gewerbebereich sind Saladetten kaum wegzudenken, denn sie sind die optimale Erg\u00e4nzung in der Gastronomie. F\u00fcr die sachgerechte Lagerung und zur K\u00fchlung von Lebensmitteln ist eine Saladette eine essenzielle Anschaffung. Selbstverst\u00e4ndlich gibt es verschiedene Modelle je nach Bedarf. Auch Zubeh\u00f6r kann eine Saladette erg\u00e4nzen, wie etwa genormte Lebensmittelbeh\u00e4lter. Die Gastronomieger\u00e4tschaft bietet die Lagerung von Salaten an, diese bleiben dann l\u00e4nger frisch. Zudem dienen Saladetten als Erg\u00e4nzung von Arbeitsplatten. Dadurch zeichnen sie sich als sehr platzsparend aus. Im Allgemeinen sind sie in K\u00fcchen, in Versorgungseinrichtungen&hellip;<\/p>\n","category_list":"","author_info":{"name":"Dawid Kunda","url":"https:\/\/www.chromonorm.de\/ratgeber\/author\/dawid-kunda\/"},"comments_num":"0 comments","featured_image_urls_v2":{"full":"","thumbnail":"","medium":"","medium_large":"","large":"","1536x1536":"","2048x2048":"","post-thumbnail":"","contentberg-main":"","contentberg-main-full":"","contentberg-slider-stylish":"","contentberg-slider-carousel":"","contentberg-slider-grid-b":"","contentberg-slider-grid-b-sm":"","contentberg-slider-bold-sm":"","contentberg-grid":"","contentberg-list":"","contentberg-list-b":"","contentberg-thumb":"","contentberg-thumb-alt":""},"post_excerpt_stackable_v2":"<p>[vc_row full_width=&#8220;stretch_row&#8220; gap=&#8220;35&#8243; css=&#8220;.vc_custom_1566485346340{margin-top: -65px !important;padding-bottom: 20px !important;background-color: #f2faff !important;}&#8220;][vc_column width=&#8220;1\/2&#8243;][vc_empty_space height=&#8220;20px&#8220;][vc_column_text single_style=&#8220;&#8220;] Saladetten von CHROMOnorm Im Gewerbebereich sind Saladetten kaum wegzudenken, denn sie sind die optimale Erg\u00e4nzung in der Gastronomie. F\u00fcr die sachgerechte Lagerung und zur K\u00fchlung von Lebensmitteln ist eine Saladette eine essenzielle Anschaffung. Selbstverst\u00e4ndlich gibt es verschiedene Modelle je nach Bedarf. Auch Zubeh\u00f6r kann eine Saladette erg\u00e4nzen, wie etwa genormte Lebensmittelbeh\u00e4lter. Die Gastronomieger\u00e4tschaft bietet die Lagerung von Salaten an, diese bleiben dann l\u00e4nger frisch. Zudem dienen Saladetten als Erg\u00e4nzung von Arbeitsplatten. Dadurch zeichnen sie sich als sehr platzsparend aus. Im Allgemeinen sind sie in K\u00fcchen, in Versorgungseinrichtungen&hellip;<\/p>\n","category_list_v2":"","author_info_v2":{"name":"Dawid Kunda","url":"https:\/\/www.chromonorm.de\/ratgeber\/author\/dawid-kunda\/"},"comments_num_v2":"0 comments","yoast_head":"<!-- This site is optimized with the Yoast SEO plugin v22.6 - https:\/\/yoast.com\/wordpress\/plugins\/seo\/ -->\n<title>Edelstahl Saladetten online kaufen - TOP Qualit\u00e4t | Chromonorm<\/title>\n<meta name=\"description\" content=\"Saladetten aus Edelstahl \u2713 in TOP Qualit\u00e4t \u2713 f\u00fcr den Gastronomieeinsatz \u2713 Jetzt Saladetten online bestellen!\" \/>\n<meta name=\"robots\" content=\"index, nofollow, max-snippet:-1, max-image-preview:large, max-video-preview:-1\" \/>\n<link rel=\"canonical\" href=\"https:\/\/www.chromonorm.de\/ratgeber\/saladette\/\" \/>\n<meta property=\"og:locale\" content=\"de_DE\" \/>\n<meta property=\"og:type\" content=\"article\" \/>\n<meta property=\"og:title\" content=\"Edelstahl Saladetten online kaufen - TOP Qualit\u00e4t | Chromonorm\" \/>\n<meta property=\"og:description\" content=\"Saladetten aus Edelstahl \u2713 in TOP Qualit\u00e4t \u2713 f\u00fcr den Gastronomieeinsatz \u2713 Jetzt Saladetten online bestellen!\" \/>\n<meta property=\"og:url\" content=\"https:\/\/www.chromonorm.de\/ratgeber\/saladette\/\" \/>\n<meta property=\"og:site_name\" content=\"Chromonorm Ratgeber\" \/>\n<meta property=\"article:modified_time\" content=\"2024-08-22T12:28:54+00:00\" \/>\n<meta name=\"twitter:card\" content=\"summary_large_image\" \/>\n<meta name=\"twitter:label1\" content=\"Gesch\u00e4tzte Lesezeit\" \/>\n\t<meta name=\"twitter:data1\" content=\"5\u00a0Minuten\" \/>\n<script type=\"application\/ld+json\" class=\"yoast-schema-graph\">{\"@context\":\"https:\/\/schema.org\",\"@graph\":[{\"@type\":\"WebPage\",\"@id\":\"https:\/\/www.chromonorm.de\/ratgeber\/saladette\/\",\"url\":\"https:\/\/www.chromonorm.de\/ratgeber\/saladette\/\",\"name\":\"Edelstahl Saladetten online kaufen - TOP Qualit\u00e4t | Chromonorm\",\"isPartOf\":{\"@id\":\"https:\/\/www.chromonorm.de\/ratgeber\/#website\"},\"datePublished\":\"2020-01-29T13:02:40+00:00\",\"dateModified\":\"2024-08-22T12:28:54+00:00\",\"description\":\"Saladetten aus Edelstahl \u2713 in TOP Qualit\u00e4t \u2713 f\u00fcr den Gastronomieeinsatz \u2713 Jetzt Saladetten online bestellen!\",\"breadcrumb\":{\"@id\":\"https:\/\/www.chromonorm.de\/ratgeber\/saladette\/#breadcrumb\"},\"inLanguage\":\"de\",\"potentialAction\":[{\"@type\":\"ReadAction\",\"target\":[\"https:\/\/www.chromonorm.de\/ratgeber\/saladette\/\"]}]},{\"@type\":\"BreadcrumbList\",\"@id\":\"https:\/\/www.chromonorm.de\/ratgeber\/saladette\/#breadcrumb\",\"itemListElement\":[{\"@type\":\"ListItem\",\"position\":1,\"name\":\"Startseite\",\"item\":\"https:\/\/www.chromonorm.de\/ratgeber\/\"},{\"@type\":\"ListItem\",\"position\":2,\"name\":\"Saladette\"}]},{\"@type\":\"WebSite\",\"@id\":\"https:\/\/www.chromonorm.de\/ratgeber\/#website\",\"url\":\"https:\/\/www.chromonorm.de\/ratgeber\/\",\"name\":\"Chromonorm Ratgeber\",\"description\":\"Ratgeber f\u00fcr Gastro K\u00fcchen\",\"publisher\":{\"@id\":\"https:\/\/www.chromonorm.de\/ratgeber\/#organization\"},\"potentialAction\":[{\"@type\":\"SearchAction\",\"target\":{\"@type\":\"EntryPoint\",\"urlTemplate\":\"https:\/\/www.chromonorm.de\/ratgeber\/?s={search_term_string}\"},\"query-input\":\"required name=search_term_string\"}],\"inLanguage\":\"de\"},{\"@type\":\"Organization\",\"@id\":\"https:\/\/www.chromonorm.de\/ratgeber\/#organization\",\"name\":\"Chromonorm\",\"url\":\"https:\/\/www.chromonorm.de\/ratgeber\/\",\"logo\":{\"@type\":\"ImageObject\",\"inLanguage\":\"de\",\"@id\":\"https:\/\/www.chromonorm.de\/ratgeber\/#\/schema\/logo\/image\/\",\"url\":\"https:\/\/www.chromonorm.de\/ratgeber\/wp-content\/uploads\/2019\/07\/Chromonorm-Logo.png\",\"contentUrl\":\"https:\/\/www.chromonorm.de\/ratgeber\/wp-content\/uploads\/2019\/07\/Chromonorm-Logo.png\",\"width\":350,\"height\":51,\"caption\":\"Chromonorm\"},\"image\":{\"@id\":\"https:\/\/www.chromonorm.de\/ratgeber\/#\/schema\/logo\/image\/\"}}]}<\/script>\n<!-- \/ Yoast SEO plugin. -->","yoast_head_json":{"title":"Edelstahl Saladetten online kaufen - TOP Qualit\u00e4t | Chromonorm","description":"Saladetten aus Edelstahl \u2713 in TOP Qualit\u00e4t \u2713 f\u00fcr den Gastronomieeinsatz \u2713 Jetzt Saladetten online bestellen!","robots":{"index":"index","follow":"nofollow","max-snippet":"max-snippet:-1","max-image-preview":"max-image-preview:large","max-video-preview":"max-video-preview:-1"},"canonical":"https:\/\/www.chromonorm.de\/ratgeber\/saladette\/","og_locale":"de_DE","og_type":"article","og_title":"Edelstahl Saladetten online kaufen - TOP Qualit\u00e4t | Chromonorm","og_description":"Saladetten aus Edelstahl \u2713 in TOP Qualit\u00e4t \u2713 f\u00fcr den Gastronomieeinsatz \u2713 Jetzt Saladetten online bestellen!","og_url":"https:\/\/www.chromonorm.de\/ratgeber\/saladette\/","og_site_name":"Chromonorm Ratgeber","article_modified_time":"2024-08-22T12:28:54+00:00","twitter_card":"summary_large_image","twitter_misc":{"Gesch\u00e4tzte Lesezeit":"5\u00a0Minuten"},"schema":{"@context":"https:\/\/schema.org","@graph":[{"@type":"WebPage","@id":"https:\/\/www.chromonorm.de\/ratgeber\/saladette\/","url":"https:\/\/www.chromonorm.de\/ratgeber\/saladette\/","name":"Edelstahl Saladetten online kaufen - TOP Qualit\u00e4t | Chromonorm","isPartOf":{"@id":"https:\/\/www.chromonorm.de\/ratgeber\/#website"},"datePublished":"2020-01-29T13:02:40+00:00","dateModified":"2024-08-22T12:28:54+00:00","description":"Saladetten aus Edelstahl \u2713 in TOP Qualit\u00e4t \u2713 f\u00fcr den Gastronomieeinsatz \u2713 Jetzt Saladetten online bestellen!","breadcrumb":{"@id":"https:\/\/www.chromonorm.de\/ratgeber\/saladette\/#breadcrumb"},"inLanguage":"de","potentialAction":[{"@type":"ReadAction","target":["https:\/\/www.chromonorm.de\/ratgeber\/saladette\/"]}]},{"@type":"BreadcrumbList","@id":"https:\/\/www.chromonorm.de\/ratgeber\/saladette\/#breadcrumb","itemListElement":[{"@type":"ListItem","position":1,"name":"Startseite","item":"https:\/\/www.chromonorm.de\/ratgeber\/"},{"@type":"ListItem","position":2,"name":"Saladette"}]},{"@type":"WebSite","@id":"https:\/\/www.chromonorm.de\/ratgeber\/#website","url":"https:\/\/www.chromonorm.de\/ratgeber\/","name":"Chromonorm Ratgeber","description":"Ratgeber f\u00fcr Gastro K\u00fcchen","publisher":{"@id":"https:\/\/www.chromonorm.de\/ratgeber\/#organization"},"potentialAction":[{"@type":"SearchAction","target":{"@type":"EntryPoint","urlTemplate":"https:\/\/www.chromonorm.de\/ratgeber\/?s={search_term_string}"},"query-input":"required name=search_term_string"}],"inLanguage":"de"},{"@type":"Organization","@id":"https:\/\/www.chromonorm.de\/ratgeber\/#organization","name":"Chromonorm","url":"https:\/\/www.chromonorm.de\/ratgeber\/","logo":{"@type":"ImageObject","inLanguage":"de","@id":"https:\/\/www.chromonorm.de\/ratgeber\/#\/schema\/logo\/image\/","url":"https:\/\/www.chromonorm.de\/ratgeber\/wp-content\/uploads\/2019\/07\/Chromonorm-Logo.png","contentUrl":"https:\/\/www.chromonorm.de\/ratgeber\/wp-content\/uploads\/2019\/07\/Chromonorm-Logo.png","width":350,"height":51,"caption":"Chromonorm"},"image":{"@id":"https:\/\/www.chromonorm.de\/ratgeber\/#\/schema\/logo\/image\/"}}]}},"_links":{"self":[{"href":"https:\/\/www.chromonorm.de\/ratgeber\/wp-json\/wp\/v2\/pages\/415"}],"collection":[{"href":"https:\/\/www.chromonorm.de\/ratgeber\/wp-json\/wp\/v2\/pages"}],"about":[{"href":"https:\/\/www.chromonorm.de\/ratgeber\/wp-json\/wp\/v2\/types\/page"}],"author":[{"embeddable":true,"href":"https:\/\/www.chromonorm.de\/ratgeber\/wp-json\/wp\/v2\/users\/6"}],"replies":[{"embeddable":true,"href":"https:\/\/www.chromonorm.de\/ratgeber\/wp-json\/wp\/v2\/comments?post=415"}],"version-history":[{"count":31,"href":"https:\/\/www.chromonorm.de\/ratgeber\/wp-json\/wp\/v2\/pages\/415\/revisions"}],"predecessor-version":[{"id":1733,"href":"https:\/\/www.chromonorm.de\/ratgeber\/wp-json\/wp\/v2\/pages\/415\/revisions\/1733"}],"wp:attachment":[{"href":"https:\/\/www.chromonorm.de\/ratgeber\/wp-json\/wp\/v2\/media?parent=415"}],"curies":[{"name":"wp","href":"https:\/\/api.w.org\/{rel}","templated":true}]}}